tor of 520 and 910.
130
Calculate the highest common divisor of 44 and 1188.
44
Calculate the greatest common divisor of 110 and 48290.
110
Calculate the greatest common divisor of 204 and 136.
68
What is the highest common factor of 231 and 53592?
231
Calculate the highest common divisor of 9 and 171.
9
What is the greatest common factor of 261 and 6351?
87
What is the highest common factor of 18 and 15?
3
What is the highest common factor of 70 and 9415?
35
Calculate the highest common divisor of 4047 and 38.
19
What is the greatest common factor of 129 and 4171?
43
What is the highest common factor of 4387 and 205?
41
Calculate the highest common divisor of 574 and 328.
82
Calculate the greatest common factor of 30 and 70.
10
What is the greatest common factor of 8704 and 68?
68
Calculate the highest common factor of 141 and 9.
3
What is the greatest common factor of 15 and 3?
3
What is the highest common factor of 434 and 14?
14
Calculate the greatest common factor of 36 and 164.
4
What is the highest common divisor of 61 and 427?
61
Calculate the greatest common divisor of 69 and 1863.
69
What is the highest common factor of 35 and 35?
35
What is the highest common divisor of 1 and 40?
1
What is the greatest common divisor of 3122 and 21?
7
Calculate the highest common factor of 40 and 5.
5
Calculate the highest common divisor of 1 and 30.
1
What is the greatest common factor of 258 and 12?
6
What is the highest common factor of 102245 and 143?
143
Calculate the greatest common divisor of 14651 and 26.
13
What is the highest common divisor of 1183 and 117?
13
What is the greatest common factor of 19 and 83?
1
Calculate the greatest common divisor of 165 and 627.
33
Calculate the greatest common divisor of 1378 and 286.
26
What is the highest common factor of 539 and 11?
11
Calculate the greatest common divisor of 387 and 6.
3
What is the greatest common factor of 10030 and 59?
59
What is the highest common factor of 1248 and 78?
78
Calculate the highest common factor of 114 and 12.
6
Calculate the highest common divisor of 3 and 75.
3
Calculate the greatest common factor of 116 and 9280.
116
Calculate the greatest common divisor of 24 and 232.
8
What is the greatest common divisor of 232 and 87?
29
Calculate the greatest common factor of 5 and 24270.
5
What is the greatest common factor of 828 and 69?
69
What is the highest common factor of 384 and 54?
6
Calculate the highest common divisor of 10 and 8270.
10
Calculate the greatest common factor of 946 and 88.
22
Calculate the greatest common divisor of 294 and 3507.
21
What is the greatest common factor of 80 and 10?
10
Calculate the greatest common factor of 70978 and 46.
46
Calculate the highest common divisor of 30 and 220.
10
Calculate the greatest common divisor of 1909 and 46.
23
What is the greatest common factor of 32 and 1568?
32
Calculate the greatest common factor of 686 and 2.
2
Calculate the highest common factor of 584 and 5986.
146
What is the greatest common divisor of 1014 and 26?
26
Calculate the greatest common factor of 125 and 2000.
125
Calculate the highest common factor of 2667 and 42.
21
What is the highest common divisor of 3424 and 2?
2
What is the highest common factor of 9 and 123?
3
What is the greatest common factor of 2010 and 2278?
134
Calculate the greatest common divisor of 4 and 388.
4
What is the highest common divisor of 616 and 1155?
77
What is the highest common divisor of 31182 and 6?
6
What is the highest common factor of 107 and 7811?
107
What is the highest common factor of 6809 and 11?
11
Calculate the greatest common divisor of 128 and 8.
8
What is the highest common divisor of 75 and 100?
25
What is the greatest common divisor of 656 and 48?
16
What is the greatest common divisor of 588 and 112?
28
Calculate the highest common divisor of 2 and 262.
2
Calculate the highest common divisor of 105 and 15.
15
What is the greatest common divisor of 1919 and 133?
19
What is the highest common factor of 583 and 77?
11
What is the greatest common divisor of 20 and 370?
10
What is the highest common divisor of 9 and 6?
3
Calculate the highest common factor of 54 and 666.
18
What is the greatest common divisor of 14080 and 660?
220
Calculate the highest common divisor of 60 and 3855.
15
What is the highest common divisor of 66 and 6?
6
What is the greatest common divisor of 8 and 1772?
4
Calculate the highest common factor of 36 and 372.
12
Calculate the highest common divisor of 28 and 238.
14
Calculate the highest common divisor of 70 and 98.
14
Calculate the greatest common divisor of 1315 and 4208.
263
Calculate the greatest common factor of 28 and 49756.
28
Calculate the greatest common divisor of 732 and 36.
12
What is the highest common divisor of 34 and 4607?
17
Calculate the highest common divisor of 69 and 69.
69
What is the highest common divisor of 65 and 5785?
65
What is the greatest common divisor of 1356 and 24?
12
What is the highest common factor of 93 and 31?
31
What is the highest common factor of 1072 and 2278?
134
Calculate the greatest common divisor of 300 and 725.
25
What is the greatest common factor of 50 and 190?
10
What is the greatest common divisor of 17 and 1241?
17
Calculate the greatest common factor of 38 and 266.
38
What is the greatest common divisor of 92 and 4?
4
What is the highest common divisor of 560 and 35?
35
Calculate the greatest common divisor of 512 and 80.
16
What is the highest common divisor of 2 and 17?
1
What is the highest common factor of 8 and 8?
8
What is the highest common divisor of 81 and 4536?
81
What is the highest common factor of 33 and 66?
33
Calculate the highest common factor of 525 and 37975.
175
What is the greatest common factor of 8 and 424?
8
Calculate the greatest common divisor of 4088 and 28.
28
What is the highest common factor of 102 and 4998?
102
What is the greatest common factor of 84 and 1064?
28
Calculate the greatest common divisor of 250 and 30.
10
What is the greatest common divisor of 11 and 43?
1
What is the highest common divisor of 23 and 1127?
23
Calculate the highest common divisor of 324 and 234.
18
What is the highest common divisor of 6 and 159?
3
What is the greatest common divisor of 105 and 240?
15
Calculate the highest common factor of 165 and 450.
15
What is the highest common divisor of 238 and 14?
14
What is the greatest common divisor of 2057 and 85?
17
Calculate the greatest common divisor of 460 and 500.
20
Calculate the greatest common divisor of 333 and 99.
9
What is the greatest common factor of 117 and 45?
9
Calculate the highest common factor of 28 and 17094.
14
Calculate the highest common divisor of 39 and 42.
3
Calculate the greatest common divisor of 1550 and 1395.
155
Calculate the highest common factor of 60 and 260.
20
What is the highest common divisor of 36 and 180?
36
Calculate the highest common factor of 67388 and 68.
68
Calculate the highest common divisor of 40 and 20390.
10
Calculate the highest common divisor of 2 and 256.
2
What is the highest common factor of 1600 and 125?
25
Calculate the highest common factor of 520 and 36.
4
What is the highest common divisor of 1536 and 24?
24
Calculate the highest common divisor of 5808 and 96.
48
Calculate the greatest common divisor of 327 and 6.
3
Calculate the highest common factor of 78 and 754.
26
What is the highest common factor of 55 and 253?
11
What is the greatest common divisor of 56 and 16?
8
What is the highest common divisor of 128 and 216?
8
What is the greatest common divisor of 16 and 432?
16
Calculate the greatest common factor of 1953 and 2821.
217
Calculate the greatest common factor of 60 and 6828.
12
What is the highest common divisor of 45 and 375?
15
What is the highest common factor of 10241 and 11?
11
What is the greatest common factor of 29107 and 13?
13
What is the greatest common divisor of 56 and 63?
7
Calculate the highest common factor of 3283 and 67.
67
What is the highest common factor of 627 and 132?
33
What is the highest common factor of 15128 and 31?
31
What is the highest common factor of 154 and 1463?
77
What is the greatest common divisor of 423 and 9?
9
Calculate the greatest common factor of 98 and 7791.
49
Calculate the greatest common facto